5). Suppose -h + 4*h + 3 = -i, -4*h = 4*i - a. Let k(x) = -42*x - 2. What are the prime factors of k(h)?
2, 41
Let y(h) = -h**3 - 3*h**2 + 4*h + 3. Let w be y(-4). List the prime factors of (((-606)/4)/w)/((-23)/92).
2, 101
Suppose 12*r - 446746 = 69014. List the prime factors of r.
2, 5, 7, 307
Suppose c + 53 = w - 4*c, 64 = 3*w + 4*c. Let s = w - 30. List the prime factors of s/(-5) + (-2916)/(-60).
7
Let m = 97 + -95. Suppose 5 = c, 3*c = m*r - 0*r - 1175. List the prime factors of r.
5, 7, 17
Suppose 3*f + 584 - 3071 = 0. Suppose b + 0*b + r = f, 5*b + r = 4141. List the prime factors of b.
2, 3, 23
Suppose 2*p = 5*p + 2*c, 2*c = 4*p - 14. List the prime factors of (-1)/2*p*-214 - -1.
5, 43
Let q = 15 - 10. Let a(v) = 0*v**3 + 2*v**3 - q + v + 4*v - v**2. What are the prime factors of a(2)?
17
Let t(l) = 3*l + 3. Let x be t(0). Let z(w) = -w**2 - w. Let f(r) = r**2 + 2*r. Let d(a) = -2*f(a) - 3*z(a). What are the prime factors of d(x)?
2, 3
Let v be -7 + 4436 - (3 + 0)/(-3). Suppose 0 = 22*l - 12*l - v. List the prime factors of l.
443
Let d be ((-7)/2 - 20/(-5))*0. Suppose d = -c - c + 2424. Suppose -c = -4*a + 5*l, 279 = 2*a - l - 333. What are the prime factors of a?
2, 7, 11
Let l(m) = m**3 + 51*m**2 + 2*m - 68. List the prime factors of l(-15).
2, 4001
Let m(d) = 18474*d - 239. List the prime factors of m(1).
5, 7, 521
Let c = 1748 + -749. Let z = c + 641. List the prime factors of z.
2, 5, 41
Suppose -5 = -4*z - 4*j - j, -z = -5*j + 30. Suppose 0*m = -2*m - 20. List the prime factors of (-211)/z + 2/m.
2, 3, 7
Let q(m) be the first derivative of -111*m**2/2 + 12*m + 40. List the prime factors of q(-3).
3, 5, 23
Let h(c) = 247*c**2 - 47*c - 264. What are the prime factors of h(-6)?
2, 3, 5, 11
Let v(i) = i**3 + 9*i**2 + 8*i + 3. Let j(q) = q**3 + 10*q**2 + 2*q + 11. Let o be j(-10). Let r be v(o). Let x = r - -160. What are the prime factors of x?
7, 13
Let d(h) = -4*h - 82. Let t be d(-19). What are the prime factors of (t/(-12))/(52/48 - 1)?
2, 3
Let q(h) = 409*h - 388. What are the prime factors of q(13)?
3, 31, 53
Suppose 3*u = 3*k - 38199, 4*k - 3*u - 1926 = 49008. List the prime factors of k.
3, 5, 283
Let g be 3/((-45)/20) + 2953/3. Let j = -522 + g. Let s = -329 + j. What are the prime factors of s?
2, 3, 11
Suppose 4*r + 29*r - 73425 = 0. Suppose -2*z + r = -463. List the prime factors of z.
2, 3, 7
Suppose 0 = -2*a + 5*k + 17320, 60*k + 17334 = 2*a + 62*k. List the prime factors of a.
5, 1733
Suppose 14*a + 160672 = 184071 + 250945. What are the prime factors of a?
2, 3, 23, 71
Suppose -9*o - 255 = -4*o. Let n(k) = -k**3 - 50*k**2 + 19*k - 261. What are the prime factors of n(o)?
3, 457
Suppose -8*d - 2313 + 330438 = 13*d. What are the prime factors of d?
5
Let a = 3140 - 1933. Let u = 1777 - a. Suppose -2*f = -3*d + 3*f + 326, 3*f = 5*d - u. What are the prime factors of d?
3, 13
Suppose -3*y - 2*b = b - 9, -3*y - 2*b + 9 = 0. Suppose 5*d - 2*g - 3989 = 1325, y*d - 5*g - 3177 = 0. What are the prime factors of d?
2, 7, 19
List the prime factors of (-18 - -22) + (1 + 101)*29.
2, 1481
Let d be ((-76)/(-12))/((-5)/(-7 + 802)). Let u = d - -2787. List the prime factors of u.
2, 5, 89
List the prime factors of 15/2*(-50568)/(-210).
2, 3, 7, 43
Let m be (9/12)/(1/(-52)). Let f = -88 - m. Let o = -8 - f. List the prime factors of o.
41
Let p = -5 - -8. Suppose -3*n - 7*v + p*v + 820 = 0, -2*n + 548 = 3*v. What are the prime factors of n?
2, 67
Suppose 0 = 76*i + 1768 - 248. List the prime factors of -264*((-95)/i + -6) - -6.
2, 3, 7
Let a(c) = -43*c**2 - 5*c + 2. Let w be a(-1). What are the prime factors of (-1 - -3)*(w/12 + 336)?
2, 3, 37
Suppose -25190 - 35822 = -7*p + x, 34864 = 4*p + 3*x. List the prime factors of p.
2, 2179
Let m(q) = q**3 - 6*q**2 + 2*q - 11. Let r be 7*11/(231/18). Let v be m(r). What are the prime factors of 1/((-9)/(-21))*(v + 83)?
2, 7
Let f(d) = 6*d - 110. Let r be f(-26). Let x = r + 384. List the prime factors of x.
2, 59
Let p = 2757 + -1793. List the prime factors of p.
2, 241
Suppose -23*w + 34*w - 21*w + 185420 = 0. What are the prime factors of w?
2, 73, 127
Let q = 84759 - 33941. List the prime factors of q.
2, 25409
Let l(f) = 82*f + 20. Let s(k) = 41*k + 10. Let a(d) = -2*l(d) + 5*s(d). List the prime factors of a(6).
2
Suppose 42*l - 37*l - 40 = 0. Let v(z) = 2*z**3 + 3*z**2 - 26*z + 35. What are the prime factors of v(l)?
7, 149
Suppose 3*v + 3*v = 12. Suppose -o = -5*a - 8, 4*o = 6*o + v*a - 4. Suppose o*t = 5*s - 400, -3*t - 246 = 3*s - 6*s. List the prime factors of s.
7, 11
Let h(p) = 40 + 1 + 28*p + 10. List the prime factors of h(5).
191
List the prime factors of (-13640)/(-15)*18/12.
2, 11, 31
Let o(q) = 1270*q**2 - 13*q + q**3 - 3 + 0*q**3 - 1271*q**2. What are the prime factors of o(5)?
2
Suppose 553*x - 527*x = 469430. List the prime factors of x.
5, 23, 157
Let j = 2371 - 928. What are the prime factors of j?
3, 13, 37
Let c = 8 - 5. Let b(r) = -1 - 8 - 3 - 2 + 6 + 28*r. What are the prime factors of b(c)?
2, 19
List the prime factors of (-1450)/50*(18242/(-21))/(4/6).
29, 1303
Suppose a - 32 = 3*a. Let q be ((-612)/a)/(0 - 1/8). Let r = -169 - q. What are the prime factors of r?
137
Let m = 38082 + -20306. What are the prime factors of m?
2, 11, 101
Let f(c) = c**3 + 46*c**2 - 168*c - 103. What are the prime factors of f(-49)?
2, 463
Suppose 0 = -32*a - 35 - 29. List the prime factors of 9*(-60)/(-39) + a/(-13).
2, 7
Let n(u) = u**3 + 12*u**2 + 22*u + 8. Let v be n(-10). What are the prime factors of v/((-27)/(-9)) + (-262)/(-2)?
127
Let v be ((-6178)/(-18) - (-2)/(-9))/(-1). Let x = v - -548. Suppose 7*n - 593 - x = 0. What are the prime factors of n?
2, 3, 19
Let h(d) = -203*d + 45. List the prime factors of h(-41).
2, 523
Let w(p) = p**3 + 54*p**2 - 86*p + 305. What are the prime factors of w(-52)?
3, 5, 7, 97
Let m be (-30)/(-15)*(-1 - (-75)/(-6)). Let c = m + 569. List the prime factors of c.
2, 271
Let o(f) = 69*f**2 + 578*f + 22. List the prime factors of o(-31).
48413
Let k be (-8)/12 - ((-84)/9)/2. Suppose 0 = -k*x + h + 3*h + 3796, 3*x - 5*h - 2857 = 0. List the prime factors of x.
2, 59
Let o(j) = -2*j**3 - 25*j**2 - 5*j + 85. Let p be o(-12). What are the prime factors of 291 + (0 + -4)*p?
7, 41
Suppose 207*b + 45*b - 9555442 = 5*b. What are the prime factors of b?
2, 23, 29
Suppose 193*u + 144 = 194*u. Suppose -7378 = -151*p + u*p. List the prime factors of p.
2, 17, 31
Let c(y) = 1482*y + 68. List the prime factors of c(6).
2, 5, 7
Suppose j - 2*n - 7 = n, -2*n = -5*j + 22. Let v be -97 + 3 + j/2. Let u = v - -232. What are the prime factors of u?
2, 5, 7
Let w = 43467 + -18324. List the prime factors of w.
3, 17, 29
Let b(n) be the first derivative of n**3/3 - 25*n**2/2 + 63*n + 42. What are the prime factors of b(27)?
3, 13
Suppose 2*p = -5*n + 14516, -3*n - 3*p + 8415 = -291. Let m = 4390 - n. List the prime factors of m.
2, 743
Let m be ((-20)/5)/4*-11. Suppose -8*n = -m*n + 639. Let g = n + -31. What are the prime factors of g?
2, 7, 13
Let s = -28 + 33. Suppose p = -s*j + 53, -3*p = -4*j + 43 + 7. Let b = j + 268. What are the prime factors of b?
3, 31
Suppose 0 = p - 0 - 5. List the prime factors of p - (-600)/4*18/5.
5, 109
Let j = -87901 - -147817. List the prime factors of j.
2, 3, 4993
List the prime factors of (-1 + 6/4)/((-39)/(-448890)).
5, 1151
Let g be 2/(-2)*(4 + (-6 - -2)). Let d be (-6)/(0 + 4 + -6). Suppose -d*f = -n - n - 286, g = -5*f - 4*n + 506. List the prime factors of f.
2, 7
What are the prime factors of (-2)/2 + 3 + 1013760/(8 + 16)?
2, 21121
Suppose 3*y = h - 5439, 4*y = 9*h - 5*h - 21716. List the prime factors of h.
2, 3, 113
Let p(c) = -853*c + 50. What are the prime factors of p(-8)?
2, 7, 491
Let t = -42 + 42. Let h(k) = k**2 + 2*k - 79. Let w be h(t). What are the prime factors of w*(3 + -4)/1?
79
Suppose -2*t + 3536 = 4*f, f - 6*f + 8840 = 5*t. Suppose -t = -64*l + 60*l. What are the prime factors of l?
2, 13, 17
Let z = 58 - 61. Let f be -14 - ((-2 - z) + 2). Let r = f + 26. What are the prime factors of r?
3
Let v be -9 + 9 - (-2 - (0 - -454)). Suppose 0 = -7*b + 4*b + v. List the prime factors of b.
2, 19
Suppose -3*n + 6274 = -2*n. Suppose -2*v = -4*u + n, -11*v + 6*v = -u + 1546. What are the prime factors of u?
1571
L